
Let r(q) = 91*q**3 - 25*q**2 - 55*q - 31. Determine r(-1).
-92
Let x(j) = j**3 - 125*j**2 + 358*j + 486. Give x(122).
-490
Let m(l) = -47719*l - 2051936. Calculate m(-43).
-19
Let v(w) = 6763*w - 500452. Determine v(74).
10
Let l(u) = 2*u**2 + 15939*u - 63760. Give l(4).
28
Let i(b) = 11303*b - 1627631. What is i(144)?
1
Let v(s) = s**3 - 5*s**2 + 10*s + 22. What is v(-2)?
-26
Let q(u) = 2*u**2 + 21298*u - 3086496. Calculate q(143).
16
Let a(q) = -2979*q + 467704. Determine a(157).
1
Let n(d) = -7*d**3 + 1764*d**2 - 193*d + 48634. Determine n(252).
-2
Let q(h) = -h**2 + 269*h + 82741. What is q(-185)?
-1249
Let m(u) = 10*u**3 + 13*u**2 + 29*u - 45. Determine m(-4).
-593
Let z(p) = -4*p**2 - 98*p - 218. What is z(-8)?
310
Let b(x) = 5291*x + 10479. Determine b(-2).
-103
Let n(z) = -11*z**2 - 3185*z + 12731. Determine n(4).
-185
Let y(i) = -6*i**2 - 5*i - 30. Calculate y(13).
-1109
Let f(c) = 1329*c**2 + 6646*c + 19. What is f(-5)?
14
Let g(x) = 1249368*x - 7496243. Calculate g(6).
-35
Let p(q) = -q**2 + 2189*q + 363321. What is p(-155)?
1
Let s(q) = q**3 + 1381*q**2 + 36539*q - 25720. Determine s(-1354).
6
Let i(z) = 77042*z + 693369. Give i(-9).
-9
Let t(b) = b**2 + 1311*b + 103078. Give t(-84).
10
Let y(c) = 2*c**2 + 738*c + 18461. Calculate y(-342).
-7
Let k(d) = -d**3 - 113*d**2 + 2504*d + 23. Determine k(19).
-53
Let m(c) = c**2 + 6670*c - 295422. Give m(44).
-6
Let g(t) = -t**3 + 49*t**2 - 178*t + 179. Determine g(45).
269
Let d(y) = -2*y**3 - 15*y**2 + 110*y + 80. What is d(-15)?
1805
Let k(a) = 302*a**2 + 25405*a + 3090. Give k(-84).
-18
Let h(a) = -a**3 - 35*a**2 + 900*a + 31114. Give h(-35).
-386
Let b(i) = 29*i**3 - 27891*i**2 - 6717*i - 16350. Calculate b(962).
4
Let a(g) = -8743*g + 734536. What is a(84)?
124
Let z(v) = -309*v + 264. Give z(2).
-354
Let a(j) = -17*j**2 - 318*j + 1677. Give a(-23).
-2
Let p(k) = -48*k**2 - 373*k + 535. Give p(-9).
4
Let v(j) = 2*j**3 + 39*j**2 - 15110*j - 243561. What is v(-16)?
-9
Let y(q) = -3801*q - 121663. Give y(-32).
-31
Let u(k) = k**2 + 80*k + 1531. What is u(-38)?
-65
Let y(x) = -3*x**3 + 27*x**2 + 172*x - 1566. Determine y(8).
2
Let d(p) = -p**2 - 2653*p + 193415. Determine d(71).
11
Let o(a) = 37736*a + 6452835. Determine o(-171).
-21
Let o(t) = -16343*t + 147118. What is o(9)?
31
Let y(r) = -2*r**3 - 553*r**2 + 253*r - 6724. Give y(-277).
-76
Let y(s) = 3*s**2 + 93*s - 4890. Give y(31).
876
Let s(h) = 1057*h - 4294. Calculate s(4).
-66
Let j(r) = -4*r**3 - 514*r**2 - 3025*r + 22. What is j(-6)?
532
Let m(k) = 136*k + 12752. Calculate m(-104).
-1392
Let f(m) = -1775*m + 207751. What is f(117)?
76
Let g(l) = -22*l**3 + 377*l**2 - 52*l + 102. Determine g(17).
85
Let j(v) = 2*v**2 - 388*v + 12614. Determine j(153).
68
Let w(g) = -2*g**2 + 149*g - 1158. Determine w(50).
1292
Let g(k) = -7124*k + 199467. Calculate g(28).
-5
Let r(b) = 5*b**3 - 149*b**2 + 350*b - 2801. Calculate r(28).
-57
Let c(d) = 6*d**2 + 4388*d - 8299748. What is c(866)?
-4
Let d(w) = -42*w**2 - 1979*w - 257. Give d(-47).
-22
Let g(t) = 6*t**2 - 1729*t - 20870. Determine g(-12).
742
Let d(p) = 158*p + 751. Give d(-14).
-1461
Let g(j) = 3*j**3 - 3*j**2 + 2981*j + 2982. Determine g(-1).
-5
Let r(p) = -5*p**2 - 1055*p - 32900. Give r(-38).
-30
Let q(k) = 53*k**3 + 1060*k**2 + 2*k + 9. Determine q(-20).
-31
Let i(v) = -31376*v + 219750. Determine i(7).
118
Let a(c) = -301*c**2 + 9031*c - 26. What is a(30)?
4
Let i(p) = 7406*p - 59219. Give i(8).
29
Let x(z) = -2*z**3 - 29*z**2 - 110*z - 890. Determine x(-13).
33
Let x(l) = 2*l**3 - 44*l**2 + 66*l + 568. Determine x(20).
288
Let n(w) = -8173*w - 73580. Give n(-9).
-23
Let h(b) = -b**3 - b**2 - 17*b + 333. Calculate h(9).
-630
Let i(h) = h**3 + 5*h**2 + 37*h + 145. Give i(-7).
-212
Let n(r) = r**3 + 136*r**2 + 690*r + 38661. Calculate n(-133).
-42
Let r(u) = 2*u**3 - 39*u**2 + 58*u - 200. What is r(18)?
-128
Let u(b) = -10*b**2 - 2828*b + 8483. What is u(3)?
-91
Let m(w) = w**2 - 86*w - 1484. Calculate m(-15).
31
Let n(q) = -q**2 - 2026*q - 29873. What is n(-15)?
292
Let t(p) = 1137*p + 49978. Give t(-44).
-50
Let f(b) = 3*b**3 + 19*b**2 + 152*b + 1207. Calculate f(-7).
45
Let s(v) = v**3 - 251*v**2 + 14834*v - 955. Calculate s(95).
375
Let j(a) = 33986*a + 305820. Give j(-9).
-54
Let p(t) = -12*t**3 + 3*t**2 - 266*t - 261. Give p(-1).
20
Let a(l) = l**2 + 102071*l + 612386. Calculate a(-6).
-4
Let t(m) = m**3 + 30*m**2 + 313*m + 14. Calculate t(-11).
-1130
Let h(w) = 110*w**3 - 189*w**2 - 383*w - 11. Give h(-2).
-881
Let p(b) = -150045*b + 150060. Give p(1).
15
Let f(n) = -3798*n - 34007. Determine f(-9).
175
Let k(w) = 146*w + 17707. Determine k(-122).
-105
Let o(t) = -9*t**3 - 41*t**2 + 207*t + 1185. Give o(-6).
411
Let s(b) = 66283*b - 13190311. Determine s(199).
6
Let g(u) = 2*u**3 - 15*u**2 + 95*u - 272. Give g(4).
-4
Let n(d) = -307*d - 20922. Calculate n(-71).
875
Let j(m) = -21*m**2 - 420*m + 1470. Give j(-23).
21
Let v(i) = -i**3 + 18*i**2 - 88*i + 69. What is v(7)?
-8
Let i(h) = 3*h**3 - 174*h**2 - 2547*h - 132. Calculate i(70).
-2022
Let k(u) = -2*u**2 - 590*u - 43340. Determine k(-157).
-8
Let r(f) = -5*f**3 + 84*f**2 + 957*f - 15983. Give r(17).
-3
Let t(y) = -18*y**2 + 136*y + 34955. Determine t(48).
11
Let k(y) = 524010*y - 4192074. Give k(8).
6
Let d(c) = -9*c**2 - 1942*c - 9487. What is d(-5)?
-2
Let v(n) = 16*n**2 - 2067*n - 1679. Give v(130).
11
Let d(i) = -19*i - 5213. Calculate d(-274).
-7
Let u(c) = -c**2 + 1784*c - 309852. What is u(195)?
3
Let s(d) = -8003*d - 208075. What is s(-26)?
3
Let d(p) = -731*p - 7250. Determine d(-10).
60
Let c(v) = 1256*v + 483582. Give c(-385).
22
Let c(i) = 5*i**3 - 575*i**2 + 7*i - 806. Determine c(115).
-1
Let a(d) = -3451*d + 41344. Give a(12).
-68
Let g(v) = 412537*v - 16501492. Calculate g(40).
-12
Let o(g) = -2*g**2 - 5473*g + 49445. What is o(9)?
26
Let s(u) = 76258*u - 381316. Determine s(5).
-26
Let c(p) = p**3 - 185*p**2 + 2862*p - 1193. Calculate c(168).
-185
Let f(l) = -l**3 - 68*l**2 - 642*l + 1676. Give f(-56).
-4
Let s(r) = 370*r**2 + 97316*r + 1572. What is s(-263)?
-6
Let l(q) = 9*q**2 - 266*q - 2587. What is l(-10)?
973
Let n(b) = -3*b**3 - 12*b**2 - 88*b - 938. What is n(-7)?
119
Let j(z) = -2*z**3 + 57*z**2 + 95*z - 100. Calculate j(30).
50
Let w(g) = g**3 - 71*g**2 - 154*g - 132. What is w(73)?
-716
Let l(a) = a**3 - 50*a**2 + 556*a - 3. Determine l(16).
189
Let p(a) = -a**3 + 80*a**2 + 10282*a + 112. Calculate p(149).
261
Let a(s) = -39*s + 5568. Calculate a(142).
30
Let s(k) = 181*k - 1793. Calculate s(13).
560
Let z(c) = -c**3 - c**2 + 40*c + 70. What is z(10)?
-630
Let v(y) = 107499*y + 1504984. Determine v(-14).
-2
Let d(r) = 1581*r - 8173. Give d(5).
-268
Let c(b) = -42*b**2 - 5180*b - 10357. Calculate c(-2).
-165
Let s(f) = 5*f**3 + 48*f**2 + 27*f + 161. Give s(-9).
161
Let j(y) = y**3 - 77*y**2 + 540*y + 1237. Determine j(69).
409
Let x(l) = -32146*l + 193000. What is x(6)?
124
Let z(d) = 505*d + 91412. What is z(-181)?
7
Let q(p) = 211292*p - 1690339. Give q(8).
-3
Let t(v) = -38*v**3 + 98*v**2 + 40*v - 23. Determine t(3).
-47
Let c(s) = -39*s**3 + 2*s**2 + 295*s + 292. Determine c(-1).
38
Let v(f) = 9*f**2 + 24*f - 126. Determine v(-10).
534
Let r(i) = i**2 - 6386*i + 1895119. Give r(312).
31
Let b(k) = 1110*k - 334150. Determine b(301).
-40
Let t(d) = -d**3 - 275*d**2 - 16*d - 4464. Calculate t(-275).
-64
Let z(o) = -o**2 + 282*o + 3199. Determine z(293).
-24
Let i(w) = 15*w**2 + 1145*w - 16916. What is i(-89)?
-6
Let f(c) = -3*c**3 - 221*c**2 - 143*c + 244. Give f(-73).
25
Let c(g) = 414*g**2 - 1676*g + 56. Calculate c(4).
-24
Let c(q) = 15*q**2 + 554*q + 24. Calculate c(-37).
61
Let h(y) = -23*y**2 - 171*y + 13. What is h(-12)?
-1247
Let m(n) = -77698*n - 9867638. Determine m(-127).
8
Let h(z) = 29702*z - 564388. Determine h(19).
-50
Let w(d) = 2*d**3 + 36*d**2 - 4002*d - 6162. Determine w(-54).
-6
Let y(c) = -c**2 + 584*c + 162728. Determine y(-206).
-12
Let y(j) = -j**2 + 50*j + 4782. Give y(102).
-522
Let x(y) = -375*y**2 + 6224*y + 92. Determine x(17).
-2475
Let c(k) = -62*k**3 + 93*k**2 - 64*k + 67. What is c(1)?
34
Let b(k) = -k**3 - 94*k**2 - 101*k - 715. Give b(-93).
29
Let b(d) = 26*d**2 - 34*d + 225. What is b(7)?
1261
Let p(k) = -3*k**3 - 135*k**2 + 89*k - 3508. Determine p(